 to base 14.
-3
-332 (base 4) to base 8
-76
Convert 2 (base 9) to base 7.
2
5 (base 10) to base 14
5
Convert 230 (base 6) to base 11.
82
Convert -336 (base 7) to base 3.
-20110
-441 (base 7) to base 16
-e1
7 (base 15) to base 3
21
1 (base 14) to base 5
1
What is -3 (base 4) in base 12?
-3
Convert 10 (base 4) to base 16.
4
Convert -4 (base 15) to base 9.
-4
Convert 10 (base 4) to base 7.
4
What is -1 (base 10) in base 3?
-1
Convert -2 (base 12) to base 10.
-2
What is 60 (base 7) in base 6?
110
What is -23 (base 4) in base 2?
-1011
20 (base 6) to base 3
110
Convert 8 (base 9) to base 2.
1000
Convert 3 (base 10) to base 2.
11
Convert 45 (base 16) to base 8.
105
6 (base 9) to base 2
110
11 (base 16) to base 4
101
Convert -6 (base 9) to base 15.
-6
What is -10 (base 11) in base 5?
-21
Convert 14 (base 13) to base 5.
32
Convert -12 (base 10) to base 4.
-30
-5 (base 16) to base 2
-101
Convert -4 (base 14) to base 15.
-4
What is -1 (base 16) in base 7?
-1
What is -4 (base 13) in base 10?
-4
Convert -110 (base 2) to base 8.
-6
Convert 2 (base 11) to base 12.
2
153 (base 6) to base 5
234
Convert 8 (base 13) to base 2.
1000
Convert -12011 (base 3) to base 15.
-94
6 (base 7) to base 11
6
Convert -1 (base 14) to base 2.
-1
Convert -101111 (base 2) to base 6.
-115
What is -1 (base 15) in base 9?
-1
What is 31 (base 4) in base 13?
10
5 (base 7) to base 9
5
What is 158 (base 9) in base 16?
86
-10 (base 15) to base 10
-15
-21 (base 5) to base 3
-102
What is -2 (base 5) in base 7?
-2
-b (base 15) to base 14
-b
Convert -100 (base 4) to base 10.
-16
What is 3 (base 15) in base 3?
10
What is -10 (base 7) in base 2?
-111
-27 (base 11) to base 12
-25
3 (base 8) to base 15
3
1b (base 16) to base 11
25
What is 1100 (base 2) in base 16?
c
What is -11 (base 13) in base 12?
-12
Convert 3 (base 13) to base 16.
3
What is 2 (base 7) in base 15?
2
114 (base 12) to base 15
aa
What is -3 (base 6) in base 13?
-3
What is -34 (base 8) in base 9?
-31
What is 6 (base 8) in base 12?
6
-212 (base 3) to base 11
-21
Convert -2 (base 15) to base 7.
-2
-6 (base 14) to base 11
-6
What is -3 (base 14) in base 15?
-3
Convert -1 (base 2) to base 13.
-1
What is 24 (base 12) in base 16?
1c
3 (base 11) to base 4
3
-44 (base 14) to base 5
-220
What is -4 (base 12) in base 3?
-11
35 (base 6) to base 3
212
Convert 0 (base 10) to base 12.
0
What is -4 (base 13) in base 10?
-4
Convert 1 (base 4) to base 6.
1
6 (base 11) to base 16
6
Convert -5 (base 6) to base 3.
-12
What is 21 (base 3) in base 14?
7
11 (base 2) to base 7
3
-4 (base 12) to base 9
-4
-9 (base 11) to base 14
-9
Convert 6 (base 7) to base 12.
6
-21 (base 6) to base 2
-1101
Convert -293 (base 10) to base 6.
-1205
What is 4 (base 16) in base 11?
4
Convert -30 (base 10) to base 12.
-26
What is -9 (base 10) in base 2?
-1001
Convert 3 (base 8) to base 12.
3
What is 0 (base 4) in base 5?
0
-32 (base 4) to base 5
-24
Convert -256 (base 9) to base 2.
-11010101
What is 10 (base 5) in base 16?
5
What is 7 (base 9) in base 10?
7
Convert 4 (base 13) to base 2.
100
11111110 (base 2) to base 12
192
0 (base 3) to base 13
0
2 (base 13) to base 11
2
What is 6 (base 9) in base 8?
6
Convert -214 (base 11) to base 9.
-315
16 (base 12) to base 4
102
3 (base 12) to base 4
3
What is -102 (base 4) in base 15?
-13
1110 (base 2) to base 16
e
What is 311 (base 6) in base 7?
223
What is -3 (base 15) in base 12?
-3
3 (base 9) to base 4
3
-5 (base 12) to base 15
-5
Convert 254 (base 12) to base 5.
2402
Convert 32 (base 4) to base 3.
112
-1200 (base 4) to base 15
-66
Convert -1 (base 7) to base 11.
-1
-121 (base 4) to base 15
-1a
Convert 10 (base 6) to base 12.
6
What is -11 (base 5) in base 13?
-6
What is -a (base 12) in base 6?
-14
Convert 14 (base 12) to base 5.
31
Convert -3 (base 12) to base 2.
-11
Convert -70 (base 12) to base 5.
-314
-5 (base 12) to base 16
-5
What is 2 (base 8) in base 9?
2
Convert -17 (base 10) to base 14.
-13
1 (base 5) to base 16
1
What is 14 (base 8) in base 14?
c
What is -76 (base 15) in base 12?
-93
5 (base 16) to base 8
5
What is -32 (base 6) in base 5?
-40
Convert -20 (base 3) to base 16.
-6
What is -4 (base 7) in base 5?
-4
22 (base 7) to base 11
15
What is 16 (base 9) in base 11?
14
What is -e (base 15) in base 5?
-24
What is -1100 (base 2) in base 9?
-13
Convert -3 (base 12) to base 8.
-3
Convert -31 (base 16) to base 6.
-121
What is 87 (base 11) in base 8?
137
-1 (base 7) to base 2
-1
Convert 2 (base 7) to base 6.
2
Convert 413 (base 5) to base 7.
213
Convert -17 (base 11) to base 4.
-102
What is -3 (base 7) in base 9?
-3
What is 204 (base 5) in base 15?
39
26 (base 12) to base 15
20
Convert 2 (base 15) to base 5.
2
Convert 1 (base 12) to base 8.
1
What is -114 (base 7) in base 13?
-48
What is 2 (base 12) in base 5?
2
What is 1 (base 14) in base 12?
1
Convert 103 (base 5) to base 9.
31
Convert 1 (base 2) to base 14.
1
0 (base 2) to base 13
0
Convert 46 (base 8) to base 15.
28
-8 (base 11) to base 13
-8
Convert -18 (base 12) to base 9.
-22
11 (base 2) to base 13
3
11 (base 4) to base 11
5
What is -211 (base 9) in base 8?
-254
Convert -10 (base 9) to base 16.
-9
What is -2 (base 7) in base 13?
-2
What is -111001 (base 2) in base 9?
-63
-12 (base 12) to base 10
-14
42 (base 14) to base 11
53
What is 305 (base 9) in base 12?
188
-10110 (base 3) to base 8
-135
-44 (base 10) to base 7
-62
What is -32 (base 4) in base 6?
-22
What is 1 (base 4) in base 8?
1
What is 5a (base 14) in base 3?
2222
6 (base 10) to base 7
6
Convert -120 (base 4) to base 3.
-220
53 (base 12) to base 10
63
21 (base 11) to base 9
25
Convert 1 (base 4) to base 10.
1
What is -1 (base 10) in base 7?
-1
Convert 300 (base 4) to base 9.
53
What is -65 (base 14) in base 2?
-1011001
2 (base 15) to base 9
2
What is 1 (base 14) in base 2?
1
Convert -2 (base 11) to base 4.
-2
13 (base 4) to base 12
7
Convert 0 (base 16) to base 3.
0
Convert c (base 13) to base 9.
13
Convert 10 (base 3) to base 11.
3
2 (base 10) to base 15
2
Convert 37 (base 10) to base 12.
31
Convert 63 (base 10) to base 13.
4b
Convert bd (base 16) to base 9.
230
12 (base 4) to base 6
10
297 (base 10) to base 13
19b
-8 (base 15) to base 12
-8
Convert 2 (base 14) to base 10.
2
What is -b (base 12) in base 11?
-10
What is 11100111 (base 2) in base 15?
106
31 (base 7) to base 5
42
Convert 4d (base 15) to base 9.
81
Convert 120 (base 4) to base 10.
24
6 (base 16) to base 6
10
What is -2 (base 4) in base 12?
-2
What is 0 (base 12) in base 16?
0
What is -10 (base 4) in base 14?
-4
What is -1 (base 14) in base 11?
-1
-3 (base 12) to base 9
-3
0 (base 10) to base 6
0
-2 (base 15) to base 5
-2
Convert -a3 (base 12) to base 11.
-102
-133 (base 6) to base 5
-212
Convert 4 (base 12) to base 11.
4
What is -101 (base 3) in base 4?
-22
-c (base 13) to base 2
-1100
-25 (base 6) to base 4
-101
-5 (base 7) to base 8
-5
Convert 62 (base 15) to base 11.
84
-1 (base 6) to base 11
-1
1 (base 6) to base 11
1
What is 1c (base 13) in base 3?
221
Convert -2222 (base 3) to base 8.
-120
Convert 1 (base 2) to base 10.
1
-1300 (base 4) to base 11
-a2
What is 232 (base 9) in base 3?
21002
1c (base 14) to base 11
24
12 (base 4) to base 13
6
Convert -117 (base 16) to base 5.
-2104
What is 6 (base 11) in base 3?
20
-1041 (base 5) to base 9
-172
-8b (base 12) to base 16
-6b
Convert 10001 (base 3) to base 15.
57
-b (base 13) to base 12
-b
Convert -1 (base 14) to base 9.
-1
3 (base 15) to base 7
3
What is 1b (base 15) in base 12?
22
What is 10 (base 13) in base 3?
111
What is -13 (base 10) in base 9?
-14
Convert -3 (base 9) to base 16.
-3
What is 100 (base 2) in base 9?
4
What is 3 (base 8) in base 14?
3
What is 1 (base 10) in base 15?
1
What is 0 (base 13) in base 8?
0
1 (base 15) to base 8
1
What is 24 (base 8) in base 5?
40
-3011 (base 4) to base 14
-101
What is -210 (base 11) in base 7?
-511
-4 (base 10) to base 2
-100
-3 (base 10) to base 12
-3
11 (base 10) to base 6
15
What is 6 (base 13) in base 15?
6
What is -7 (base 10) in base 5?
-12
-1210 (base 3) to base 7
-66
Convert -1 (base 10) to base 5.
-1
What is -34 (base 7) in base 2?
-11001
What is 23 (base 12) in base 3?
1000
-142 (base 6) to base 14
-46
What is -2 (base 16) in base 7?
-2
6 (base 7) to base 11
6
What is 1b (base 15) in base 8?
32
7 (base 11) to base 4
13
-1 (base 13) 